{"id":457,"date":"2025-08-24T21:18:14","date_gmt":"2025-08-24T19:18:14","guid":{"rendered":"https:\/\/mission-possible-band.de\/Fanshop\/?post_type=product&#038;p=457"},"modified":"2025-08-26T10:04:48","modified_gmt":"2025-08-26T08:04:48","slug":"mission-possible-band-kugelschreiber","status":"publish","type":"product","link":"https:\/\/mission-possible-band.de\/Fanshop\/produkt\/mission-possible-band-kugelschreiber\/","title":{"rendered":"Mission Possible Band Kugelschreiber"},"content":{"rendered":"<p><!--StartFragment --><\/p>\n<p>\ud83d\udd8a\ufe0f <strong>Mission Possible Band Kugelschreiber \u2013 Dein Sound in der Hand<\/strong><\/p>\n<p>Warum mit einem gew\u00f6hnlichen Stift schreiben, wenn du mit diesem Kugelschreiber deine Liebe zur <strong>Mission Possible Band<\/strong> zeigen kannst?<br \/>\nMit seinem markanten Design und dem Logo der Band ist er nicht nur praktisch, sondern auch ein echtes Statement.<br \/>\nOb im B\u00fcro, in der Schule oder beim Songwriting \u2013 dieser Stift f\u00e4llt auf und sorgt f\u00fcr Gespr\u00e4chsstoff.<\/p>\n<p>\ud83c\udfb8 Jeder Strich ein Takt, jede Unterschrift ein Statement \u2013 f\u00fcr echte Fans der Mission Possible Band.<br \/>\nEin Must-Have f\u00fcr alle, die den Sound nicht nur h\u00f6ren, sondern leben.<\/p>\n<p><!--EndFragment --><\/p>\n<ul>\n<li>Schriftzug: Mission Possible, finest rock cover music<\/li>\n<li>Schreibfarbe schwarz<\/li>\n<li>Mit Gummigriff<\/li>\n<\/ul>\n","protected":false},"excerpt":{"rendered":"<p>Mission Possible Band Kugelschreiber<\/p>\n","protected":false},"featured_media":542,"template":"","meta":{"site-sidebar-layout":"default","site-content-layout":"","ast-site-content-layout":"default","site-content-style":"default","site-sidebar-style":"default","ast-global-header-display":"","ast-banner-title-visibility":"","ast-main-header-display":"","ast-hfb-above-header-display":"","ast-hfb-below-header-display":"","ast-hfb-mobile-header-display":"","site-post-title":"","ast-breadcrumbs-content":"","ast-featured-img":"","footer-sml-layout":"","ast-disable-related-posts":"","theme-transparent-header-meta":"default","adv-header-id-meta":"","stick-header-meta":"","header-above-stick-meta":"","header-main-stick-meta":"","header-below-stick-meta":"","astra-migrate-meta-layouts":"set","ast-page-background-enabled":"default","ast-page-background-meta":{"desktop":{"background-color":"var(--ast-global-color-5)","background-image":"","background-repeat":"repeat","background-position":"center center","background-size":"auto","background-attachment":"scroll","background-type":"","background-media":"","overlay-type":"","overlay-color":"","overlay-opacity":"","overlay-gradient":""},"tablet":{"background-color":"","background-image":"","background-repeat":"repeat","background-position":"center center","background-size":"auto","background-attachment":"scroll","background-type":"","background-media":"","overlay-type":"","overlay-color":"","overlay-opacity":"","overlay-gradient":""},"mobile":{"background-color":"","background-image":"","background-repeat":"repeat","background-position":"center center","background-size":"auto","background-attachment":"scroll","background-type":"","background-media":"","overlay-type":"","overlay-color":"","overlay-opacity":"","overlay-gradient":""}},"ast-content-background-meta":{"desktop":{"background-color":"var(--ast-global-color-4)","background-image":"","background-repeat":"repeat","background-position":"center center","background-size":"auto","background-attachment":"scroll","background-type":"","background-media":"","overlay-type":"","overlay-color":"","overlay-opacity":"","overlay-gradient":""},"tablet":{"background-color":"var(--ast-global-color-4)","background-image":"","background-repeat":"repeat","background-position":"center center","background-size":"auto","background-attachment":"scroll","background-type":"","background-media":"","overlay-type":"","overlay-color":"","overlay-opacity":"","overlay-gradient":""},"mobile":{"background-color":"var(--ast-global-color-4)","background-image":"","background-repeat":"repeat","background-position":"center center","background-size":"auto","background-attachment":"scroll","background-type":"","background-media":"","overlay-type":"","overlay-color":"","overlay-opacity":"","overlay-gradient":""}}},"product_brand":[],"product_cat":[17],"product_tag":[62],"class_list":{"0":"post-457","1":"product","2":"type-product","3":"status-publish","4":"has-post-thumbnail","6":"product_cat-accessoires","7":"product_tag-kugelschreiber","8":"desktop-align-center","9":"tablet-align-left","10":"mobile-align-left","12":"first","13":"instock","14":"shipping-taxable","15":"purchasable","16":"product-type-simple"},"_links":{"self":[{"href":"https:\/\/mission-possible-band.de\/Fanshop\/wp-json\/wp\/v2\/product\/457","targetHints":{"allow":["GET"]}}],"collection":[{"href":"https:\/\/mission-possible-band.de\/Fanshop\/wp-json\/wp\/v2\/product"}],"about":[{"href":"https:\/\/mission-possible-band.de\/Fanshop\/wp-json\/wp\/v2\/types\/product"}],"wp:featuredmedia":[{"embeddable":true,"href":"https:\/\/mission-possible-band.de\/Fanshop\/wp-json\/wp\/v2\/media\/542"}],"wp:attachment":[{"href":"https:\/\/mission-possible-band.de\/Fanshop\/wp-json\/wp\/v2\/media?parent=457"}],"wp:term":[{"taxonomy":"product_brand","embeddable":true,"href":"https:\/\/mission-possible-band.de\/Fanshop\/wp-json\/wp\/v2\/product_brand?post=457"},{"taxonomy":"product_cat","embeddable":true,"href":"https:\/\/mission-possible-band.de\/Fanshop\/wp-json\/wp\/v2\/product_cat?post=457"},{"taxonomy":"product_tag","embeddable":true,"href":"https:\/\/mission-possible-band.de\/Fanshop\/wp-json\/wp\/v2\/product_tag?post=457"}],"curies":[{"name":"wp","href":"https:\/\/api.w.org\/{rel}","templated":true}]}}